54
Let g(u) = u**2 + 2*u - 3. Let c be g(2). Let w be 250/8 + c/(-20). Let r be 1/2 - (6 + (-7696)/32 + -13). Calculate the greatest common factor of w and r.
31
Suppose 4*w = 13 + 39. Let s be 5/(50/(-6)) + w/5. Suppose 0 = -s*v + 4*v - 30. What is the highest common divisor of 10 and v?
5
Suppose -18*o = -13*o - 15. Suppose 0 = u - o*b - 15, 0 = 3*u + 4*b - 6 - 0. What is the greatest common divisor of u and 12?
6
Let v(h) = h**3 + 30. Suppose 2*r = 3*i + 164, -4*i + 2*r = -5*i - 52. Let l = i - -54. Let c be v(l). Calculate the highest common divisor of 6 and c.
6
Suppose 25*o = -19*o + 968. Suppose -3*j + 3*t + 1635 = 0, 0 = 2*j + 2*j + 2*t - 2210. Calculate the highest common factor of j and o.
22
Suppose -7*m + g = -8*m - 44, -5*m - 3*g = 222. Let a = m + 77. What is the highest common factor of 32 and a?
32
Suppose 5*s = 4*y + 52, 8 = -4*s - 4*y + 28. Suppose -57 = 5*r - s*r. Suppose r = 5*u - 4*u. Calculate the greatest common divisor of 38 and u.
19
Suppose -94325 - 576236 = -85*a - 173736. Calculate the greatest common divisor of 105 and a.
35
Let c(r) = -7*r - 52. Let l be c(-4). Let i be 8/((12/(-248))/(18/l)). What is the highest common factor of 4 and i?
4
Let a(j) = 22*j**2 - j + 2. Let m be a(-2). Let k = m + -65. Let t be (-10)/5 + 1225/5. What is the highest common factor of t and k?
27
Suppose 2*p = -h + 1303, -4*h - 12*p + 14*p = -5262. What is the greatest common divisor of 260 and h?
13
Suppose 112 = 4*x - 112. Let h(a) = -a**3 + 11*a**2 - 11*a + 17. Let k be h(10). What is the highest common divisor of x and k?
7
Let d(m) be the first derivative of -m**3/3 + 10*m**2 - 49*m + 14. Let z be d(14). What is the greatest common divisor of 10 and z?
5
Suppose -26 = -r - 4. Suppose -8*b - 182 = -r*b. What is the highest common divisor of b and 299?
13
Let v = -2480 - -2660. Calculate the highest common divisor of 6345 and v.
45
Let n(a) = -13*a + 88. Suppose -3*w = -5*v, -6*w + 11*w = v. Let g be n(v). Calculate the highest common factor of g and 264.
88
Suppose -7*r + 165*r - 104438 = 0. Calculate the greatest common factor of 2 and r.
1
Let t be (-5)/(-6)*6 + 70. Suppose -7*l + 2*w - 84 = -9*l, 0 = 2*l + 5*w - t. Calculate the highest common divisor of l and 60.
15
Suppose -14388 = 1033*z - 1142*z. Calculate the greatest common factor of z and 143.
11
Let x(r) = -3*r + 4. Let c(m) = -m + 3. Let z(h) = -6*c(h) + 4*x(h). Let p be z(-3). Calculate the greatest common divisor of 4 and p.
4
Suppose -2*r = -2*y + 12, -y - 27184*r + 27179*r = -36. Suppose -i + f - 4*f = -247, 0 = 5*f + 10. What is the highest common divisor of i and y?
11
Let u be 10/(-25) + (-3 - (-12)/5). Let c be ((-2 - u) + 0)*(1 + -6). Suppose -z + 48 = 8. What is the highest common factor of c and z?
5
Let p = -6890 + 7479. What is the highest common divisor of 19 and p?
19
Let x(g) = 10*g - 187. Let a be x(19). Calculate the highest common factor of 1 and a.
1
Let j = -467275 + 467329. Suppose 4*p - n = 115, 2*n + 2*n = -2*p + 80. Suppose -4*f = -p - 42. What is the highest common divisor of f and j?
18
Suppose 8885 = 11*q + 3913. What is the highest common factor of q and 1243?
113
Let i = 54 + -49. Let h = 12 - 12. Suppose 3*o + 2*s - 12 + 1 = h, 2*o + 3*s = 4. What is the highest common factor of o and i?
5
Suppose -3*r + r + 218 = 2*h, 0 = -h - 3*r + 111. Suppose 25*u - 28*u - v + 751 = 0, -5*v = -u + 277. What is the highest common factor of u and h?
36
Let l(u) = 123*u**2 - 13*u - 195. Let w be l(-5). Calculate the greatest common factor of 465 and w.
155
Let z(c) = -c**3 - 8*c**2 - 5*c + 17. Let l be z(-7). Let u be ((-159)/9 - l)/((-2)/(-33)). Let p = -231 - u. What is the highest common divisor of 10 and p?
10
Let x(o) = -o**2 - 26*o - 18. Let u be x(-25). Let q be 7 - ((-73 - -3) + u). Calculate the highest common factor of 30 and q.
10
Let w(k) = -k**3 - 42*k**2 - 93*k - 16. Let t be w(-39). Let u = -946 - t. Calculate the highest common factor of u and 3.
3
Let a be 5*(-7 + 6) - (-232 + -1). Calculate the highest common factor of a and 102.
6
Let r(n) = -2*n + 5 + 0*n + 8. Let b be r(4). Suppose 4*y + 72 = 4*l - 2*l, 4*l + b*y = 170. Calculate the greatest common factor of l and 16.
8
Let v be -3 + 14 - 5 - (-34)/1. Let k = -3 + 8. Suppose -k*w + 4*u + 212 = u, -5*w - 4*u = -184. What is the highest common divisor of v and w?
40
Suppose 0 = -5*m - 4*k + 1 + 19, 0 = 5*m + k - 5. Suppose m = -4*v, 4*i - 6 - 18 = -2*v. Let h = i - 0. Calculate the highest common divisor of h and 12.
6
Suppose -5*i = 2*x - 9*i - 1364, 670 = x - 5*i. Let b be (14 - (4 + 20)) + 40. What is the highest common divisor of b and x?
30
Let g be (59 + -52 + (-66)/8)*-4. Calculate the highest common divisor of g and 13.
1
Let h = -4761 + 4887. What is the greatest common factor of h and 126?
126
Let t be (-2 - -12)*9 + 3/1. Let p(s) = 123*s**2 - 4*s - 3. Let h be p(-1). Calculate the highest common factor of t and h.
31
Let r be (-2)/4*30/(-75)*245. Calculate the greatest common factor of 11417 and r.
49
Let q(k) = -242*k**3 - k**2 + 3*k + 2. Let c be (82/(-410))/((-1)/(-5)). Let w be q(c). Calculate the highest common divisor of w and 90.
30
Suppose 13*j = 3*j + 2720. Let q be (-436)/(-10) - 3/(-30)*4. Suppose 63 = 2*d - w, -d - 6*w + 4*w + q = 0. Calculate the highest common divisor of d and j.
34
Let x(l) = l**2 - 7*l - 3. Let n be x(9). Suppose n = -5*m, o - m - 225 = -3*m. Let d = -23 + 56. What is the highest common factor of d and o?
33
Let p(q) = -7*q - 34. Let u be p(-13). Let h = -54 + u. Suppose -h*r - r - 328 = -4*f, 400 = 5*f + 5*r. Calculate the highest common factor of 9 and f.
9
Let k = 917 + -840. Let m be 0 + k + 8 + -5. What is the greatest common divisor of m and 200?
40
Let b(s) = 4*s**2 - s - 3. Let u be b(-3). Suppose -u = y - 7*y. Suppose -y*f = 2*f - 96. What is the highest common factor of f and 6?
6
Let y = 9 + -6. Let w be y/(-5) + (3 - 49/35). Calculate the greatest common factor of w and 5.
1
Let i = -654 + 1059. Suppose -31*f - i = -36*f. Let k(y) = y**2 + 14*y + 58. Let m be k(-7). What is the greatest common factor of f and m?
9
Let t be 44/6 + 8/12. Let v(y) = -7*y**2 - 25*y + 4. Let x be v(-3). What is the highest common divisor of x and t?
8
Let m(f) = -42*f + 3087. Let w be m(6). What is the highest common factor of 665 and w?
35
Let k = -1415 - -5567. Calculate the highest common factor of k and 24.
24
Let l be 6/45*-3 + 11/(495/3843). What is the greatest common divisor of l and 629?
17
Let r be (5840/(-584))/(2 - (-179)/(-89)). What is the highest common factor of 1958 and r?
178
Let w = 266 + -228. Let g be w*14/4*44/77. Let i be 0 - 5/(10/(-228)). Calculate the highest common divisor of i and g.
38
Suppose -k + 2 = -4. Let j(d) = 5*d**2 - 18*d + 64. Let a = 970 + -966. Let n be j(a). Calculate the highest common divisor of k and n.
6
Let r = -684 - -999. Suppose 35*w - r = 32*w. Calculate the greatest common divisor of 14 and w.
7
Let d be -10*28/(-12)*9. Let w be (-6)/((91/d)/(-13)). What is the greatest common factor of 140 and w?
20
Let c(z) be the first derivative of -z**2/2 + 10*z - 1. Let q be c(-7). Suppose 6*w - 33 = 273. What is the highest common factor of q and w?
17
Suppose -274 = -47*q + 290. Suppose 3*z - 946 = 602. What is the greatest common factor of q and z?
12
Suppose -125 + 489 = 4*t. Suppose 3*o - t - 23 = 0. Calculate the highest common divisor of 19 and o.
19
Let o(b) = 72*b**2 + b - 4. Let i be o(-2). What is the highest common divisor of 6 and i?
6
Let k = -16192 - -17317. Calculate the highest common factor of k and 36.
9
Suppose -2*r = 2*r - 184. Let u = -8569 - -9075. Calculate the greatest common divisor of u and r.
46
Suppose -p + 156 = 4*h - 9834, -2*p - 4990 = -2*h. What is the highest common divisor of 44 and h?
11
Let m(i) = i**2 - 2*i. Let o be m(-3). Let p = -665 - -1490. Suppose v + p = 6*v. What is the highest common factor of o and v?
15
Suppose 4*c - 3*d - 101873 = 0, 6*d = -1439 + 1469. What is the highest common divisor of 128 and c?
128
Let t be (-6)/(-2) - (-11 + 14). Suppose t = 12*n - 2*n - 570. Calculate the greatest common divisor of n and 114.
57
Let q(s) = -s**3 - 7*s. Let t be q(-5). Let z(f) = 3*f**2 - 415*f + 1652. Let d be z(4). What is the highest common factor of t and d?
40
L